 composite?
False
Let v = -13 + 9. Let q(d) = -d**2 - 6*d + 2. Is q(v) a prime number?
False
Suppose 2*v = 6*v - 20. Suppose 4*g + v*o - 17 - 128 = 0, -4*g + 140 = 4*o. Suppose y + 3*y = -4*m + 116, -2*m + 5*y + g = 0. Is m a composite number?
True
Suppose -3*s + 1359 = 81. Is s/12 - (-1)/(-2) a prime number?
False
Let u be 16/(-10)*(-35)/14. Suppose 0 = 2*b - 4, -8*r + u*r - 4*b + 36 = 0. Is r a prime number?
True
Suppose 3*y + 3 = 4*a + 4*y, 3*y + 21 = 3*a. Suppose s - 2*s + 103 = -4*f, a*s - 162 = -3*f. Is s composite?
True
Suppose -4*y - 36 = 4*x, 0 = -x - 2*x - 15. Let k = 4 + y. Suppose 5*s - 4*i + 119 - 289 = 0, k = -2*s + 4*i + 56. Is s a composite number?
True
Suppose 6*x - 2*x - 12 = 4*r, -2*x + 5*r = -12. Suppose 0 = -5*j - 3*b - 120, -2*b = -j + 2*b - x. Let w = -11 - j. Is w prime?
False
Suppose 10 = k - 0*k. Is k prime?
False
Let r = 6 - -8. Is r composite?
True
Let s = -961 - -1832. Is s composite?
True
Let q = 109 - 13. Let d = 173 - q. Is d a prime number?
False
Let z(n) = n**3 + 11*n**2 + 13*n + 10. Is z(-9) prime?
False
Let t = 79 - 202. Let g = t + 238. Is g composite?
True
Suppose -2*x = -n + 2333, 0 = 24*n - 29*n + 3*x + 11665. Is n a prime number?
True
Let n = -3 - -2. Let w(m) = 2*m + 1. Let k be w(n). Is (-1 - 2*k) + 45 a prime number?
False
Is 1 - (-799 + (-6)/(-2)) a prime number?
True
Let u(b) = -2*b. Let c be u(7). Let d be (-1054)/c + 2/(-7). Suppose d = -q + 4*q. Is q prime?
False
Let a(f) = -17*f - 2. Let w be a(-4). Let z = 29 + w. Is z a prime number?
False
Let v be (-24)/(-14) - 4/(-14). Suppose -6*p = -0*p. Is (p + v)/((-4)/(-158)) prime?
True
Suppose -2*a = -28 - 18. Let i = a - -234. Is i a composite number?
False
Let l = 5 - 2. Is (22 - l)/((-2)/(-14)) composite?
True
Suppose 18075 - 4263 = 12*w. Is w a prime number?
True
Suppose 3*p = -12, 2*i + i + 3*p = -54. Let x(l) = 2*l**3 - 5*l**2 + 2*l - 3. Let m be x(4). Let w = i + m. Is w a composite number?
True
Suppose 0 = 4*z + 3*v - 940, 5*z - 2*z - 705 = -3*v. Is z a composite number?
True
Let j(n) = -3*n**3 + 4*n**2 + 4*n + 3. Suppose -m = 3*h - 5, 5*h - 18 + 7 = m. Let x be (-2)/(1/(2/h)). Is j(x) a prime number?
False
Suppose -2*g + 3*m + 59 = 0, -2*g - 5*m + 11 + 40 = 0. Suppose -g + 79 = h. Is h a prime number?
False
Let h = 489 - 192. Suppose 0 = 3*k - 696 - h. Is k prime?
True
Suppose -3*x + 1688 + 259 = 0. Is x a prime number?
False
Suppose -3*j - 11 + 2 = 4*y, -3*j = -5*y + 9. Suppose 4*m + 31 - 243 = y. Is m composite?
False
Suppose -4*x + 1435 = -153. Is x a composite number?
False
Let f = 192 - -11. Is f composite?
True
Suppose -k + 3*y = -1892, 0*y = k + 2*y - 1887. Is k prime?
True
Is 160/4 + (-3)/1 a composite number?
False
Suppose 0 = 2*x - 32 + 4. Is x composite?
True
Suppose c + 0 + 5 = 0. Let y(n) = n**3 + 7*n**2 - n. Is y(c) a composite number?
True
Let m(p) = 292*p**3. Let v be m(1). Suppose -4*y + 7*f = 3*f - v, -5*y - f + 371 = 0. Is y a composite number?
True
Let y(x) = x**3 + x**2 - x + 2. Let a be y(2). Let f(b) = -b**3 + 12*b**2 + 10*b - 7. Is f(a) composite?
False
Let l(n) = -n**2 - 5*n. Let q be l(-4). Suppose -2*o + 47 = x - 7*o, -q*x = -5*o - 248. Is x composite?
False
Suppose 3*i = 199 + 38. Is i prime?
True
Let d = -40 - -119. Is d composite?
False
Is ((-1)/((-5)/290))/(2/5) a composite number?
True
Suppose 6*a - 375 = 123. Is a prime?
True
Suppose -16 = 5*x - x. Let s(a) = -5 + 5 + 5*a**2 + 2*a**2 + 5 + 5*a. Is s(x) a prime number?
True
Let x = -413 + 612. Is x prime?
True
Suppose 0 = 5*v - 2*f + 16, -7*v - 26 = -3*v + 5*f. Let g(l) = 0*l - 4 + 1 + 2*l - l**3. Is g(v) prime?
True
Let g be 2/(-6) - (-52)/3. Suppose 3*s + g = 4*q - 6, s + 1 = 0. Suppose 5*c = -q*k + 45, 0*k - 4*k + 30 = c. Is k a prime number?
True
Suppose -59 = -2*l + 11. Is l a composite number?
True
Let q(h) = 0 - 3*h - 5*h + 4. Let d be q(-7). Suppose -3*y = 3*c + 2*c - 83, d = 4*c + 4*y. Is c a composite number?
False
Let q be (-12)/(-5) - 4/10. Is q/(-9) - (-548)/36 prime?
False
Suppose -27*t = -26*t - 3295. Is t a composite number?
True
Is 2961/18 + 3/(-2) a prime number?
True
Let t = 7 + 228. Is t a prime number?
False
Suppose 3*y = -4*x + 91, -3*y = 4*x - 6*y - 61. Let f = -6 - 12. Let d = x - f. Is d prime?
True
Suppose -2*v + 1 = -9. Suppose -v*x + 128 = 23. Is x prime?
False
Suppose -5*x + 1016 = 61. Is x composite?
False
Is 2831 + (-3)/6*(-12)/3 composite?
False
Let c(q) = 3*q**2 + 4*q + 5. Let p(t) = -t**3 + 6*t**2 + 2*t - 8. Let m be p(6). Suppose 0 = -m*o + 3*k + 3 - 19, 0 = -2*k. Is c(o) a composite number?
False
Let z(r) = 70*r + 43. Is z(9) prime?
True
Suppose 0 = 7*c - 20 - 239. Is c composite?
False
Let a(m) = m**3 - 6*m**2 - 6*m + 3. Let q be a(7). Suppose -2*o = 3*o - q. Is o prime?
True
Suppose 0*b = 3*b. Suppose b = 4*z + z - 55. Is 3*z + 0/(-1) a composite number?
True
Suppose 0 = -5*v + 7116 - 2896. Is (v/2)/((-4)/(-2)) a composite number?
False
Let j be 0 + 3 + 0 + -11. Is (j/20)/(3/(-435)) composite?
True
Let h(r) = -15*r - 35. Is h(-16) a composite number?
True
Let x = -3 - -7. Suppose -6*n = -n + 3*p + 139, 0 = 3*n - x*p + 66. Let o = -4 - n. Is o a composite number?
True
Let x = 2 + 9. Suppose 2*g - 18 = -g + 3*b, -5*b = 3*g - 34. Let q = x + g. Is q a prime number?
True
Suppose -3*r = -4*l - 10, 4*r - 6 = 3*r + 4*l. Let s be 1 - 0 - -6 - r. Suppose -55 = s*k - 10*k. Is k composite?
False
Is 2/13 + (-1983)/(-39) - 0 composite?
True
Suppose 1 - 5 = -w. Suppose 4*v + 5*m - 65 = 2*v, w*v - 3*m = 143. Is v composite?
True
Suppose 0 = 4*t - 4 + 28. Suppose 6 = -3*l, 3*p - 3*l = 52 - 7. Let q = p - t. Is q composite?
False
Suppose 3*b = -2*b + 40. Suppose b = 4*f - 124. Is (-6)/f + (-774)/(-22) prime?
False
Let i = -72 - -172. Suppose -a = 3*y - 0*a - 52, -5*y + a + i = 0. Is y prime?
True
Let t = 226 - -37. Is t composite?
False
Suppose 271 = q + 4*t, -6*t - 1168 = -4*q - t. Is q a composite number?
True
Let n be 4/(-14) - 51/(-7). Suppose -n*a = -5*a + 178. Let j = a - -124. Is j a composite number?
True
Suppose 5*d = 0, 6*v - d = v + 3235. Is v prime?
True
Suppose d = -2*g + 2126, -5*d - 2457 = -2*g - 355. Is g prime?
True
Suppose 2 = -3*r + 11. Is 237 - 0*r/9 a prime number?
False
Suppose 3*u + 2*c - 4 = 2*u, -5*u + 32 = -2*c. Suppose -u*h = -2*h - 652. Is h a composite number?
False
Suppose -4*p + 2 = -3*s + 33, -2*p = 2*s + 26. Is (-322)/(-7)*p/(-4) prime?
False
Let w(i) = 7*i**2 - i + 13. Is w(6) composite?
True
Suppose 5*n = o - 28 - 25, -5*n = -4*o + 287. Suppose -4*f + o = -118. Is f composite?
True
Let k(b) be the second derivative of b**4/12 + b**3/2 + 3*b**2/2 - 15*b. Suppose -37 = 3*a - 16. Is k(a) composite?
False
Let v(f) = 29*f - 3. Is v(22) composite?
True
Let p be (2/(-3))/(2/(-6)). Let g(d) = 2*d**2 + 7*d + 3*d**2 - 2*d + d**2 - p. Is g(3) composite?
False
Suppose -2*f - 4*j + 3974 = 0, -1520 = 5*f - 2*j - 11479. Is f prime?
False
Suppose -14 = 2*t - 4. Is 26 + (-5)/(t/(-3)) a prime number?
True
Suppose 0 = 3*o - 3, 0 = -5*s + 5*o - 0*o + 5. Suppose s*g - 7*g - 20 = 0. Is g*3/(-4)*2 composite?
True
Let a = 13 - 9. Suppose a*v - 2*v = b, 3*v + 3 = 0. Is b/(-3) + 400/12 a prime number?
False
Let u(p) = -p**3 + 12*p**2 - 5*p + 13. Let i = 30 + -21. Is u(i) prime?
True
Let m be (154/8)/((-1)/4). Let p = m - -49. Let y = -18 - p. Is y composite?
True
Suppose -84 = -3*i + i. Let u = 73 + 6. Let s = u - i. Is s a composite number?
False
Let m be 2*((6 - -2) + -1). Suppose -m = -g - 5*u, -u + 4 + 3 = -4*g. Let n = g - -48. Is n prime?
True
Let a(y) = -24*y + 14. Let d be a(11). Let k be d*-4*(-2)/20. Is (-1 + k/6)*-15 a prime number?
False
Suppose 3*i - 2141 = -0*a + 4*a, -i - 4*a = -687. Is i prime?
False
Suppose 3*d + 1 = 2*d. Is d + -1 + (-222)/(-2) a composite number?
False
Suppose -5*b - u = -4*u - 92, 0 = b - 2*u - 17. Let s be 1/(-3) - (-32)/6. Let v = b - s. Is v a prime number?
False
Let t = 135 - -158. Is t a composite number?
False
Let y = 4 + -2. Let r be 2/1 + -15 + 1. Let g = y - r. Is g composite?
True
Let f = 82 - 15. Is f a composite number?
False
Let d(x) be the third derivative of x**6/120 - x**5/60 + 37*x**3/6 + 4*x**2. Let m = 1 - 1. Is d(m) a prime number?
True
Let q(x) = -x + 7. Let h be q(5). Suppose 0 = -2*y - h - 4, -5*n + 5*y - 40 = 0. Let g = n - -44. Is g prime?
False
Suppose 0 = 5*q + 6